ose -3*a - 5*m + 35 = 0, -6*a = -a - 5*m - 5. Let w be o(a). What is the greatest common factor of w and 119?
17
Let w be (-363485)/(-278) - 1/(-2). What is the highest common divisor of w and 12?
12
Let m(q) = 62*q**3 - 5*q**2 + 4*q + 1. Let r be -3 + 2*-4*(-1)/2. Let d be m(r). What is the greatest common factor of d and 217?
31
Suppose 151 = -20*z + 1968 - 317. Let x(c) = -3*c**3 + 3*c**2 + c - 5. Let i be x(-3). What is the greatest common factor of z and i?
25
Suppose -5*x + 889 = -4*a + 1099, 3*a + 2*x - 192 = 0. What is the greatest common factor of a and 5820?
60
Suppose -37 + 69 = 8*c. Suppose -300 = -6*r + 2*r + c*l, -4*r = 4*l - 340. Calculate the greatest common divisor of r and 20.
20
Suppose 3*i - f + 392 = -i, -2*i - 190 = -2*f. Suppose 22*r - 10404 = 124*r. Let t = i - r. What is the greatest common factor of t and 51?
3
Let h be (-10 - 444/60)/((-1)/5). Let b = h - -33. Calculate the greatest common factor of b and 200.
40
Suppose 60*w - 141036 - 426804 = -564*w. What is the highest common factor of 2210 and w?
130
Let y = -8886 + 9822. What is the highest common divisor of y and 276?
12
Let k be 4 - (-34 + 2)/(-4). Let p be (-18)/k*(-4)/(-3). Let m = 7 + -4. What is the highest common factor of m and p?
3
Let v be (-1875)/(-12) + 2/(-8). Suppose 4*l - v - 4 = 0. Suppose -2*c + 7*c + d - l = 0, -4*d = 5*c - 55. What is the highest common factor of 49 and c?
7
Let m = -340 - -345. Let a be (m + (-81)/(-45))*(3 + 2). What is the highest common factor of 221 and a?
17
Let o(g) = 33*g**2 - 847*g**3 + 16 - 38*g + 6*g + 846*g**3. Let u be o(32). Calculate the highest common factor of u and 48.
16
Suppose -217 = 4*k - 313. Calculate the highest common factor of 204 and k.
12
Suppose 69*n - 37920 = 21*n. Calculate the highest common divisor of 3792 and n.
158
Let r(n) = -6755*n + 51. Let j be r(1). Let u be 9/(-6) - j/32. What is the greatest common factor of u and 64?
16
Let r be 0/(7/((-7)/(-2))). Suppose r = 2*g - g - 210. Suppose 38*i = 32*i + 252. Calculate the highest common divisor of i and g.
42
Let n be (4/(-6))/((-1)/3). Let c(s) = -4 + s + 0 - n*s + 3. Let o be c(-3). What is the highest common factor of o and 5?
1
Suppose 70 = -13*p + 759 + 299. Calculate the highest common divisor of p and 1026.
38
Let i(d) = 4*d - 10. Suppose -r + 3 = -36. Let o = r - 32. Let w be i(o). Calculate the highest common factor of w and 27.
9
Suppose -99 = -c + 2*r - 68, 5*c + r - 100 = 0. Calculate the highest common factor of 4284 and c.
21
Suppose 2*l + 0*l - 12 = 0. Suppose 0 = 3*a - 11*a - 376. Let r = 49 + a. What is the greatest common factor of r and l?
2
Let d = 629 - 53. Suppose d*w + 42 = 579*w. What is the highest common divisor of 7 and w?
7
Suppose -6*r - 298 = -610. Suppose 3*x + 3 = 0, -4*c + r = 2*x - 14. What is the greatest common divisor of c and 1241?
17
Let r(z) = z + 2. Let i be r(0). Suppose h = 5*w - 13 + 46, -6 = 2*w. Suppose -i*t - 6 = -h. Calculate the highest common divisor of 66 and t.
6
Let i(n) = 2 + 1 + 3*n - 1 - 2*n. Let y be i(1). Suppose 5 = -2*d - 1, -v = -y*d - 12. What is the greatest common factor of v and 9?
3
Suppose -72*v = -72*v - 37*v + 119251. Calculate the highest common divisor of 586 and v.
293
Let b(q) = -117*q + 1210. Let w be b(10). What is the greatest common divisor of 1080 and w?
40
Let d be -6*(-1)/3 + 4. Suppose -5*n + 66 = -2*q, -2*q + d = q. Let j be n + (-20)/(-8) + (-2)/(-4). Calculate the greatest common factor of 119 and j.
17
Let x(d) = -2*d**2 + 11*d + 5. Let t be x(6). Let h = 323 + t. Calculate the greatest common factor of h and 138.
46
Let t(g) = g**2 - 8*g + 15. Let s(l) = -l**2 + 15*l - 41. Let n be s(5). Let y be t(n). What is the greatest common factor of y and 16?
8
Suppose -18956 = -68*b + 43468. Calculate the greatest common divisor of b and 135.
27
Let m be 6/(-1)*5/(-2). Suppose -3084*b = -3078*b - 180. What is the highest common factor of m and b?
15
Let d(j) = -j**3 - 85*j**2 - 2*j + 20. Let k be d(-85). What is the greatest common divisor of 12065 and k?
95
Suppose 2144 = 18*b + 902. What is the highest common factor of b and 23?
23
Let k(d) = -11*d + 95. Let s(a) = a**3 + 15*a**2 + 13*a - 7. Let p be s(-14). Let o be k(p). What is the highest common factor of o and 306?
18
Suppose 15*n + 9715 - 25136 = 13334. Calculate the greatest common divisor of 71 and n.
71
Let i(n) = -455*n - 1768. Let w be i(-4). Calculate the greatest common factor of 260 and w.
52
Let t be (-2 + 1)/(22/(-550)). Let i = -7 + t. Let w(h) = -h**3 + 36*h**2 + 4*h - 90. Let y be w(36). What is the highest common factor of i and y?
18
Suppose -21*x - 11*x - 4*x = -9756. What is the highest common factor of x and 2?
1
Let p(l) = 218 + 3*l - 76 - 26. Let u be p(-18). Calculate the greatest common divisor of 93 and u.
31
Suppose -13 = -n + 2*g, -3*n - 9*g - 6 = -6*g. Let i(j) = 11*j**3 - 5*j**2 + 2*j + 2. Let z be i(n). What is the greatest common factor of z and 80?
20
Let h = 171 - 71. Let o(j) = -2*j**2 + 93*j - 431. Let k be o(41). Calculate the greatest common divisor of k and h.
20
Let u be (-12 - -14)/((121/(-61) - -1) + 1). What is the greatest common factor of 3782 and u?
122
Let z be (56/6)/((-2)/(-6)). Let x(y) = 36*y**2 + 1407*y + 159. Let a be x(-39). What is the greatest common divisor of z and a?
14
Suppose 0 = -i + 6*s + 95, 5*i + 2*s = 5*s + 502. What is the greatest common divisor of 303 and i?
101
Suppose -4*n = -3*n - 5, 3*v + 5*n = 94. Let g be v - (1 + (-2 - -1)). Suppose -20*f = -g*f + 27. What is the greatest common factor of f and 72?
9
Let r = 1074 - 666. Suppose 0 = -4*o + 4*y + r, 0*o + 4*o - 2*y = 414. Let f be (-11)/55 - 633/(-15). What is the greatest common factor of o and f?
21
Suppose 17*h + 12 = 16*h. Let z = h + 47. Calculate the highest common factor of z and 14.
7
Let x(r) = 2*r**3 - 10*r**2 - 19*r - 139. Let i be x(13). Calculate the highest common divisor of 61 and i.
61
Let z = -127 + 257. Suppose -17*w + 91 + z = 0. Calculate the greatest common divisor of w and 13.
13
Suppose 2*p = 3*n - 22, -3*n + 20 = -0*p - p. Let b(r) = r**2 - 5*r + 12. Let u be b(n). What is the highest common divisor of 90 and u?
18
Suppose -48*q + 45*q + 2*c = 344, -5*c - 204 = 2*q. Let k be (504/q)/((-1)/2). Suppose 3*i = 2 + 1. What is the greatest common factor of k and i?
1
Let m be ((-256)/(-2))/(1048/786). Calculate the highest common divisor of m and 984.
24
Let m be 8/(-20)*142*20/(-8). What is the highest common divisor of m and 2769?
71
Let b be 7/((-28)/(-8)) - -3. Suppose -111 = y - 1075. Suppose b*q + 154 = y. Calculate the highest common factor of q and 18.
18
Suppose 2*y + 2*y = 256. Suppose -1341 = -12*u - 189. Let x = u - 0. Calculate the highest common factor of y and x.
32
Suppose -120*b + 11 = 2*x - 117*b, x - 5*b = 51. What is the greatest common factor of 124 and x?
4
Let k be (-6 + 5)*(14 - -1). Let x = -13 - k. Suppose -5*w = -2*g - 100, 0 = -x*g - 6 - 4. What is the highest common divisor of w and 162?
18
Let u(j) = -j**3 - 8*j**2 + 10*j + 19. Let s be u(-9). Let n = 2920 + -1030. Suppose -s*g - 560 = -n. Calculate the highest common divisor of g and 19.
19
Let f be ((-18)/(-20))/((-5)/(-130)) - (-12)/(-30). What is the highest common divisor of 51405 and f?
23
Let w = 4044 + -3813. Calculate the greatest common factor of 759 and w.
33
Suppose 168 = b + 5*h, 0 = 3*b + 5*h + 41 - 545. Calculate the greatest common factor of 231 and b.
21
Suppose -3*o = 3*x - 81, 38*x + 4*o + 216 = 43*x. Calculate the greatest common divisor of 927 and x.
9
Suppose -124 - 70 = -b. Suppose -3*s - n = b, -5*s + n + 82 = 392. Let r = 117 + s. What is the greatest common divisor of r and 18?
18
Let y = -1618 + 2449. Let b = y + -435. What is the greatest common divisor of b and 297?
99
Let s = 355 + -355. Suppose 4*c - 14 - 298 = s. Calculate the greatest common divisor of c and 208.
26
Suppose 0 = 3*a + i - 6, -2 = 2*a - 3*a - i. Let w be 92/28 + 3/(-21)*a. Let r be -1*51*(w - 6). Calculate the greatest common divisor of r and 17.
17
Let h(y) = -7*y. Let j be h(-1). Suppose j*f = 104 + 64. Suppose -5*g = f - 644. What is the greatest common factor of g and 31?
31
Let m be (-3)/(-2)*-4*(-20)/(-24) + 501. Calculate the greatest common factor of 176 and m.
16
Let y(j) = 280*j